 5933 and 459?
17
What is the greatest common factor of 902450 and 1250?
50
What is the highest common factor of 54700488 and 216?
216
What is the highest common factor of 126 and 14936936?
14
What is the highest common divisor of 188114945 and 955?
955
Calculate the greatest common factor of 23307830 and 80.
10
Calculate the greatest common divisor of 48481755 and 21720.
2715
What is the greatest common factor of 331488 and 11184?
48
Calculate the highest common divisor of 24 and 5281592.
8
What is the highest common factor of 108 and 38929872?
12
Calculate the greatest common factor of 1704649 and 47386.
1247
Calculate the highest common divisor of 27246401 and 94276.
637
What is the greatest common factor of 916 and 575803783?
229
What is the highest common factor of 120644890 and 115?
115
What is the greatest common divisor of 1212560 and 26960?
80
Calculate the greatest common divisor of 603687 and 10203.
57
Calculate the greatest common divisor of 6401878 and 28.
14
Calculate the greatest common divisor of 16 and 10244272.
16
What is the greatest common divisor of 370 and 131593645?
185
What is the highest common divisor of 2492415 and 14955?
15
Calculate the highest common factor of 41944 and 49306544.
392
Calculate the greatest common factor of 4844237 and 276.
23
Calculate the highest common factor of 306 and 111392262.
306
Calculate the highest common divisor of 308 and 13661956.
308
Calculate the greatest common divisor of 28 and 12272827.
7
Calculate the highest common factor of 91352258 and 366.
122
Calculate the highest common divisor of 53 and 470587795.
53
What is the greatest common factor of 18647504 and 1790?
358
What is the highest common divisor of 1317879 and 6604?
127
What is the highest common divisor of 29595851 and 773?
773
What is the greatest common divisor of 2471840 and 200?
40
Calculate the greatest common factor of 59 and 1902168909.
59
Calculate the highest common factor of 1120 and 31267040.
1120
What is the highest common divisor of 2534 and 623110600?
2534
What is the highest common divisor of 4742964 and 63?
9
Calculate the highest common factor of 25432 and 64768.
88
Calculate the greatest common factor of 127912 and 14160.
472
What is the highest common factor of 5718948 and 36?
12
What is the highest common divisor of 8529 and 2612717?
2843
What is the highest common factor of 33735 and 867?
3
What is the greatest common divisor of 13642 and 7117534?
718
Calculate the greatest common divisor of 232 and 99496100.
116
Calculate the greatest common divisor of 10351 and 87879.
11
What is the greatest common divisor of 26412 and 201072?
852
What is the highest common factor of 644 and 22786606?
46
Calculate the greatest common divisor of 37040 and 14080.
80
What is the greatest common divisor of 2123 and 1576038?
193
What is the highest common factor of 2042615 and 3712?
29
What is the highest common factor of 404536 and 172040?
88
Calculate the highest common divisor of 163215400 and 1000.
200
What is the highest common divisor of 51384105 and 405?
135
Calculate the greatest common divisor of 75162675 and 100.
25
Calculate the highest common factor of 231060 and 8484.
12
Calculate the greatest common factor of 157 and 944871.
1
What is the highest common divisor of 15216995 and 2216?
277
What is the highest common divisor of 1184435 and 35?
35
What is the greatest common factor of 3468 and 254816502?
1734
Calculate the greatest common divisor of 532240 and 27600.
80
Calculate the highest common factor of 4395583 and 1147.
31
Calculate the highest common factor of 371644 and 1106764.
4084
Calculate the greatest common factor of 143268216 and 2184.
2184
What is the highest common factor of 5444845 and 38675?
595
What is the greatest common factor of 143565198 and 1176?
294
What is the highest common factor of 14295 and 92010?
15
Calculate the highest common divisor of 12244754 and 3682.
526
Calculate the greatest common divisor of 13580 and 10226516.
388
What is the greatest common divisor of 1191700 and 333710?
170
What is the highest common divisor of 378127 and 27?
1
Calculate the highest common factor of 23232 and 45684.
12
What is the highest common factor of 408 and 669231384?
408
What is the highest common divisor of 20317278 and 8670?
1734
Calculate the highest common divisor of 132755740 and 52.
52
Calculate the greatest common factor of 138900 and 135100.
100
Calculate the greatest common divisor of 39884 and 25688364.
3068
Calculate the greatest common divisor of 13964880 and 248.
248
What is the highest common factor of 178148 and 4268?
4
Calculate the greatest common divisor of 3680606 and 409858.
4058
Calculate the greatest common divisor of 10145088 and 2121388.
7828
Calculate the greatest common divisor of 496519 and 85.
17
What is the greatest common factor of 161756691 and 6662?
3331
Calculate the highest common factor of 8830854 and 7650.
306
What is the highest common divisor of 294861 and 785631?
399
Calculate the highest common divisor of 775 and 15081779.
31
Calculate the highest common divisor of 148 and 3157728.
148
Calculate the highest common factor of 359154000 and 144.
144
What is the highest common factor of 93 and 28042476?
93
What is the greatest common divisor of 12819326 and 338?
338
Calculate the highest common factor of 1375 and 2255110.
55
Calculate the highest common divisor of 8025801 and 35334.
453
Calculate the greatest common divisor of 1542 and 3169838.
514
What is the highest common divisor of 2973240 and 27000?
1080
Calculate the highest common divisor of 89348697 and 15903.
513
Calculate the greatest common factor of 7098 and 1872038.
14
What is the highest common divisor of 3194779 and 174727?
1603
Calculate the greatest common factor of 6 and 101499600.
6
What is the highest common divisor of 63 and 23046957?
9
What is the greatest common divisor of 40170118 and 670?
134
Calculate the highest common factor of 49 and 66738959.
7
What is the greatest common factor of 7471690 and 310?
10
Calculate the highest common divisor of 1339 and 20584859.
103
What is the greatest common factor of 26586 and 3514?
14
Calculate the highest common factor of 1014 and 56976660.
1014
Calculate the greatest common divisor of 5253944 and 168.
8
Calculate the highest common factor of 76799 and 2844081.
1259
Calculate the greatest common factor of 57043 and 2919.
7
What is the highest common divisor of 47539 and 2808271?
347
Calculate the greatest common divisor of 4585005 and 40905.
405
What is the highest common divisor of 1212 and 73698690?
606
Calculate the greatest common divisor of 320960 and 8417176.
8024
What is the greatest common factor of 12 and 40598352?
12
What is the greatest common factor of 1323441 and 196?
49
Calculate the greatest common factor of 53176 and 18909848.
2312
Calculate the highest common divisor of 1817496728 and 8.
8
What is the greatest common factor of 2748 and 71688?
12
What is the highest common divisor of 104 and 85616648?
104
Calculate the highest common factor of 26417006 and 198.
22
What is the highest common divisor of 8269657 and 33?
11
Calculate the highest common divisor of 332992 and 23263.
43
Calculate the highest common factor of 888 and 21544.
8
What is the greatest common divisor of 637 and 557326?
49
Calculate the greatest common factor of 76188 and 367416.
84
Calculate the highest common divisor of 1575 and 1270357200.
1575
Calculate the highest common divisor of 85 and 16329945.
85
What is the greatest common divisor of 3740 and 1715980?
340
What is the greatest common divisor of 4483630 and 30?
10
What is the highest common factor of 2210 and 1779830?
130
Calculate the highest common factor of 48829753 and 7847.
133
What is the greatest common factor of 2457 and 412841?
13
Calculate the highest common factor of 139425 and 236093.
1859
What is the greatest common factor of 144 and 3112776?
72
What is the highest common divisor of 335972 and 121268?
1988
Calculate the greatest common divisor of 397873875 and 95403.
8673
Calculate the greatest common divisor of 42269704 and 522.
58
What is the greatest common divisor of 1099 and 237811?
7
Calculate the highest common divisor of 45913 and 195657.
49
Calculate the highest common facto